{"id":178,"date":"2021-12-29T20:48:23","date_gmt":"2021-12-29T20:48:23","guid":{"rendered":"https:\/\/www.ordinace-flora.cz\/?page_id=178"},"modified":"2022-06-26T18:43:44","modified_gmt":"2022-06-26T18:43:44","slug":"rozsah-pece","status":"publish","type":"page","link":"https:\/\/www.ordinace-flora.cz\/?page_id=178","title":{"rendered":"Rozsah p\u00e9\u010de"},"content":{"rendered":"\n<p>Zahrnuje cel\u00e9 spektrum pr\u00e1ce l\u00e9ka\u0159\u016f v oboru v\u0161eobecn\u00e9 medic\u00edny. Mimo l\u00e9\u010debnou a preventivn\u00ed p\u00e9\u010di poskytujeme tak\u00e9 posudkovou \u010dinnost a to zejm\u00e9na pracovn\u011b l\u00e9ka\u0159sk\u00e9 posudky pro zam\u011bstn\u00e1n\u00ed, pro \u0159\u00edzen\u00ed automobilu a jin\u00fdch dopravn\u00edch prost\u0159edk\u016f, pro zbrojn\u00ed pr\u016fkazy, posudky o \u00farazech a jejich bodov\u00e9 hodnocen\u00ed, pro preventivn\u00ed prohl\u00eddky v rozsahu stanoven\u00e9m Zdravotn\u00edm \u0159\u00e1dem (<a href=\"https:\/\/www.ordinace-flora.cz\/?page_id=180\">viz Preventivn\u00ed prohl\u00eddky<\/a>). Vstupn\u00ed, periodick\u00e9 nebo v\u00fdstupn\u00ed prohl\u00eddky do zam\u011bstn\u00e1n\u00ed.<\/p>\n\n\n\n<p>Zaji\u0161\u0165ujeme odb\u011bry krve a jin\u00fdch biologick\u00fdch materi\u00e1l\u016f.<\/p>\n\n\n\n<p>M\u00e1me k dispozici tyto p\u0159\u00edstroje: EKG, ambulantn\u00ed monitorace TK (TK Holter), glukometr, pulzn\u00ed oxymetr, analyz\u00e1tor pro vy\u0161et\u0159en\u00ed CRP, INR, FOB testu, Streptestu, D-dimer\u016f, troponinu, BNP a glykovan\u00e9ho hemoglobinu.<\/p>\n\n\n\n<p><\/p>\n\n\n\n<p><\/p>\n\n\n\n<p><\/p>\n\n\n\n<p><\/p>\n","protected":false},"excerpt":{"rendered":"<p>Zahrnuje cel\u00e9 spektrum pr\u00e1ce l\u00e9ka\u0159\u016f v oboru v\u0161eobecn\u00e9 medic\u00edny. Mimo l\u00e9\u010debnou a preventivn\u00ed p\u00e9\u010di poskytujeme tak\u00e9 posudkovou \u010dinnost a to zejm\u00e9na pracovn\u011b l\u00e9ka\u0159sk\u00e9 posudky pro zam\u011bstn\u00e1n\u00ed, pro \u0159\u00edzen\u00ed automobilu a jin\u00fdch dopravn\u00edch prost\u0159edk\u016f, pro zbrojn\u00ed pr\u016fkazy, posudky o \u00farazech a jejich bodov\u00e9 hodnocen\u00ed, pro preventivn\u00ed prohl\u00eddky v rozsahu stanoven\u00e9m Zdravotn\u00edm \u0159\u00e1dem (viz Preventivn\u00ed prohl\u00eddky). Vstupn\u00ed,&hellip;&nbsp;<a href=\"https:\/\/www.ordinace-flora.cz\/?page_id=178\" class=\"\" rel=\"bookmark\">\u010c\u00edst d\u00e1le &raquo;<span class=\"screen-reader-text\">Rozsah p\u00e9\u010de<\/span><\/a><\/p>\n","protected":false},"author":1,"featured_media":0,"parent":0,"menu_order":0,"comment_status":"closed","ping_status":"closed","template":"","meta":{"neve_meta_sidebar":"","neve_meta_container":"","neve_meta_enable_content_width":"","neve_meta_content_width":0,"neve_meta_title_alignment":"","neve_meta_author_avatar":"","neve_post_elements_order":"","neve_meta_disable_header":"","neve_meta_disable_footer":"","neve_meta_disable_title":"","footnotes":""},"class_list":["post-178","page","type-page","status-publish","hentry"],"yoast_head":"<!-- This site is optimized with the Yoast SEO plugin v17.8 - https:\/\/yoast.com\/wordpress\/plugins\/seo\/ -->\n<title>Rozsah p\u00e9\u010de - Ordinace Flora, s.r.o.<\/title>\n<meta name=\"robots\" content=\"index, follow, max-snippet:-1, max-image-preview:large, max-video-preview:-1\" \/>\n<link rel=\"canonical\" href=\"https:\/\/www.ordinace-flora.cz\/?page_id=178\" \/>\n<meta property=\"og:locale\" content=\"cs_CZ\" \/>\n<meta property=\"og:type\" content=\"article\" \/>\n<meta property=\"og:title\" content=\"Rozsah p\u00e9\u010de - Ordinace Flora, s.r.o.\" \/>\n<meta property=\"og:description\" content=\"Zahrnuje cel\u00e9 spektrum pr\u00e1ce l\u00e9ka\u0159\u016f v oboru v\u0161eobecn\u00e9 medic\u00edny. Mimo l\u00e9\u010debnou a preventivn\u00ed p\u00e9\u010di poskytujeme tak\u00e9 posudkovou \u010dinnost a to zejm\u00e9na pracovn\u011b l\u00e9ka\u0159sk\u00e9 posudky pro zam\u011bstn\u00e1n\u00ed, pro \u0159\u00edzen\u00ed automobilu a jin\u00fdch dopravn\u00edch prost\u0159edk\u016f, pro zbrojn\u00ed pr\u016fkazy, posudky o \u00farazech a jejich bodov\u00e9 hodnocen\u00ed, pro preventivn\u00ed prohl\u00eddky v rozsahu stanoven\u00e9m Zdravotn\u00edm \u0159\u00e1dem (viz Preventivn\u00ed prohl\u00eddky). Vstupn\u00ed,&hellip;&nbsp;\u010c\u00edst d\u00e1le &raquo;Rozsah p\u00e9\u010de\" \/>\n<meta property=\"og:url\" content=\"https:\/\/www.ordinace-flora.cz\/?page_id=178\" \/>\n<meta property=\"og:site_name\" content=\"Ordinace Flora, s.r.o.\" \/>\n<meta property=\"article:modified_time\" content=\"2022-06-26T18:43:44+00:00\" \/>\n<meta name=\"twitter:card\" content=\"summary_large_image\" \/>\n<meta name=\"twitter:label1\" content=\"Odhadovan\u00e1 doba \u010dten\u00ed\" \/>\n\t<meta name=\"twitter:data1\" content=\"1 minuta\" \/>\n<script type=\"application\/ld+json\" class=\"yoast-schema-graph\">{\"@context\":\"https:\/\/schema.org\",\"@graph\":[{\"@type\":\"WebSite\",\"@id\":\"https:\/\/www.ordinace-flora.cz\/#website\",\"url\":\"https:\/\/www.ordinace-flora.cz\/\",\"name\":\"Ordinace Flora, s.r.o.\",\"description\":\"\",\"potentialAction\":[{\"@type\":\"SearchAction\",\"target\":{\"@type\":\"EntryPoint\",\"urlTemplate\":\"https:\/\/www.ordinace-flora.cz\/?s={search_term_string}\"},\"query-input\":\"required name=search_term_string\"}],\"inLanguage\":\"cs\"},{\"@type\":\"WebPage\",\"@id\":\"https:\/\/www.ordinace-flora.cz\/?page_id=178#webpage\",\"url\":\"https:\/\/www.ordinace-flora.cz\/?page_id=178\",\"name\":\"Rozsah p\\u00e9\\u010de - Ordinace Flora, s.r.o.\",\"isPartOf\":{\"@id\":\"https:\/\/www.ordinace-flora.cz\/#website\"},\"datePublished\":\"2021-12-29T20:48:23+00:00\",\"dateModified\":\"2022-06-26T18:43:44+00:00\",\"breadcrumb\":{\"@id\":\"https:\/\/www.ordinace-flora.cz\/?page_id=178#breadcrumb\"},\"inLanguage\":\"cs\",\"potentialAction\":[{\"@type\":\"ReadAction\",\"target\":[\"https:\/\/www.ordinace-flora.cz\/?page_id=178\"]}]},{\"@type\":\"BreadcrumbList\",\"@id\":\"https:\/\/www.ordinace-flora.cz\/?page_id=178#breadcrumb\",\"itemListElement\":[{\"@type\":\"ListItem\",\"position\":1,\"name\":\"Dom\\u016f\",\"item\":\"https:\/\/www.ordinace-flora.cz\/\"},{\"@type\":\"ListItem\",\"position\":2,\"name\":\"Rozsah p\\u00e9\\u010de\"}]}]}<\/script>\n<!-- \/ Yoast SEO plugin. -->","yoast_head_json":{"title":"Rozsah p\u00e9\u010de - Ordinace Flora, s.r.o.","robots":{"index":"index","follow":"follow","max-snippet":"max-snippet:-1","max-image-preview":"max-image-preview:large","max-video-preview":"max-video-preview:-1"},"canonical":"https:\/\/www.ordinace-flora.cz\/?page_id=178","og_locale":"cs_CZ","og_type":"article","og_title":"Rozsah p\u00e9\u010de - Ordinace Flora, s.r.o.","og_description":"Zahrnuje cel\u00e9 spektrum pr\u00e1ce l\u00e9ka\u0159\u016f v oboru v\u0161eobecn\u00e9 medic\u00edny. Mimo l\u00e9\u010debnou a preventivn\u00ed p\u00e9\u010di poskytujeme tak\u00e9 posudkovou \u010dinnost a to zejm\u00e9na pracovn\u011b l\u00e9ka\u0159sk\u00e9 posudky pro zam\u011bstn\u00e1n\u00ed, pro \u0159\u00edzen\u00ed automobilu a jin\u00fdch dopravn\u00edch prost\u0159edk\u016f, pro zbrojn\u00ed pr\u016fkazy, posudky o \u00farazech a jejich bodov\u00e9 hodnocen\u00ed, pro preventivn\u00ed prohl\u00eddky v rozsahu stanoven\u00e9m Zdravotn\u00edm \u0159\u00e1dem (viz Preventivn\u00ed prohl\u00eddky). Vstupn\u00ed,&hellip;&nbsp;\u010c\u00edst d\u00e1le &raquo;Rozsah p\u00e9\u010de","og_url":"https:\/\/www.ordinace-flora.cz\/?page_id=178","og_site_name":"Ordinace Flora, s.r.o.","article_modified_time":"2022-06-26T18:43:44+00:00","twitter_card":"summary_large_image","twitter_misc":{"Odhadovan\u00e1 doba \u010dten\u00ed":"1 minuta"},"schema":{"@context":"https:\/\/schema.org","@graph":[{"@type":"WebSite","@id":"https:\/\/www.ordinace-flora.cz\/#website","url":"https:\/\/www.ordinace-flora.cz\/","name":"Ordinace Flora, s.r.o.","description":"","potentialAction":[{"@type":"SearchAction","target":{"@type":"EntryPoint","urlTemplate":"https:\/\/www.ordinace-flora.cz\/?s={search_term_string}"},"query-input":"required name=search_term_string"}],"inLanguage":"cs"},{"@type":"WebPage","@id":"https:\/\/www.ordinace-flora.cz\/?page_id=178#webpage","url":"https:\/\/www.ordinace-flora.cz\/?page_id=178","name":"Rozsah p\u00e9\u010de - Ordinace Flora, s.r.o.","isPartOf":{"@id":"https:\/\/www.ordinace-flora.cz\/#website"},"datePublished":"2021-12-29T20:48:23+00:00","dateModified":"2022-06-26T18:43:44+00:00","breadcrumb":{"@id":"https:\/\/www.ordinace-flora.cz\/?page_id=178#breadcrumb"},"inLanguage":"cs","potentialAction":[{"@type":"ReadAction","target":["https:\/\/www.ordinace-flora.cz\/?page_id=178"]}]},{"@type":"BreadcrumbList","@id":"https:\/\/www.ordinace-flora.cz\/?page_id=178#breadcrumb","itemListElement":[{"@type":"ListItem","position":1,"name":"Dom\u016f","item":"https:\/\/www.ordinace-flora.cz\/"},{"@type":"ListItem","position":2,"name":"Rozsah p\u00e9\u010de"}]}]}},"_links":{"self":[{"href":"https:\/\/www.ordinace-flora.cz\/index.php?rest_route=\/wp\/v2\/pages\/178","targetHints":{"allow":["GET"]}}],"collection":[{"href":"https:\/\/www.ordinace-flora.cz\/index.php?rest_route=\/wp\/v2\/pages"}],"about":[{"href":"https:\/\/www.ordinace-flora.cz\/index.php?rest_route=\/wp\/v2\/types\/page"}],"author":[{"embeddable":true,"href":"https:\/\/www.ordinace-flora.cz\/index.php?rest_route=\/wp\/v2\/users\/1"}],"replies":[{"embeddable":true,"href":"https:\/\/www.ordinace-flora.cz\/index.php?rest_route=%2Fwp%2Fv2%2Fcomments&post=178"}],"version-history":[{"count":6,"href":"https:\/\/www.ordinace-flora.cz\/index.php?rest_route=\/wp\/v2\/pages\/178\/revisions"}],"predecessor-version":[{"id":492,"href":"https:\/\/www.ordinace-flora.cz\/index.php?rest_route=\/wp\/v2\/pages\/178\/revisions\/492"}],"wp:attachment":[{"href":"https:\/\/www.ordinace-flora.cz\/index.php?rest_route=%2Fwp%2Fv2%2Fmedia&parent=178"}],"curies":[{"name":"wp","href":"https:\/\/api.w.org\/{rel}","templated":true}]}}