{"id":145,"date":"2021-12-29T19:51:13","date_gmt":"2021-12-29T19:51:13","guid":{"rendered":"https:\/\/www.ordinace-flora.cz\/?page_id=145"},"modified":"2026-04-12T17:27:51","modified_gmt":"2026-04-12T17:27:51","slug":"vytvorte-si-svuj-web-s-bloky","status":"publish","type":"page","link":"https:\/\/www.ordinace-flora.cz\/","title":{"rendered":"Ordinace Flora, s.r.o."},"content":{"rendered":"\n<h2 class=\"wp-block-heading\" id=\"vitejte-na-strankach-nasi-ordinace\">V\u00edtejte na str\u00e1nk\u00e1ch na\u0161\u00ed ordinace<\/h2>\n\n\n\n<p id=\"vitejte-na-strankach-nasi-ordinace\">V\u00e1\u017een\u00ed pacienti,&nbsp;<\/p>\n\n\n\n<p>dovolujeme si upozornit, \u017ee od 1. 1. 2022 je pacient\u016fm nad 50 let zdravotn\u00edmi poji\u0161\u0165ovnami pln\u011b hrazeno <strong>o\u010dkov\u00e1n\u00ed proti kl\u00ed\u0161\u0165ov\u00e9 encephalitid\u011b<\/strong>.<\/p>\n\n\n\n<h3 class=\"wp-block-heading\" id=\"registrace-novych-pacientu\">Registrace nov\u00fdch pacient\u016f<\/h3>\n\n\n\n<p>Z d\u016fvodu kapacitn\u00edho p\u0159et\u00ed\u017een\u00ed na\u0161ich ordinac\u00ed jsme nuceni do odvol\u00e1n\u00ed <strong>zastavit registraci nov\u00fdch pacient\u016f<\/strong>. D\u011bkujeme za pochopen\u00ed.<\/p>\n\n\n\n<p>Na\u0161e ordinace p\u0159e\u0161la na nov\u00fd a modern\u00ed syst\u00e9m pohodln\u00e9 a zabezpe\u010den\u00e9 komunikace s pacienty &#8211; <strong>virtu\u00e1ln\u00ed sestru Emmy <a href=\"http:\/\/www.sestraemmy.cz\/\">www.sestraemmy.cz<\/a><\/strong>. Emmy <a href=\"https:\/\/www.youtube.com\/watch?v=XGNrPM_icPM\">nahrazuje email a do velk\u00e9 m\u00edry i telefon.<\/a> P\u0159es Emmy se m\u016f\u017eete objednat, sd\u011blit n\u00e1m sv\u00e9 zdravotn\u00ed obt\u00ed\u017ee, po\u017e\u00e1dat o vystaven\u00ed elektronick\u00e9ho receptu, zdravotn\u00edch pom\u016fcek, objednat se na o\u010dkov\u00e1n\u00ed, antigenn\u00ed test, nahl\u00e1sit kontakt s Covid+ pacientem apod. P\u0159edev\u0161\u00edm v\u00e1m v\u0161ak Emmy usnadn\u00ed p\u0159\u00edstup k p\u00e9\u010di i objedn\u00e1n\u00ed a z\u00e1rove\u0148 \u0161et\u0159\u00ed vz\u00e1cn\u00fd \u010das zdravotnick\u00e9mu person\u00e1lu. Dovolujeme si v\u00e1s upozornit, \u017ee budeme p\u0159ednostn\u011b reagovat na po\u017eadavky zadan\u00e9 p\u0159es Emmy a na e-maily budeme reagovat a\u017e se zpo\u017ed\u011bn\u00edm. Z\u00e1rove\u0148 v\u00e1s pros\u00edme o omezen\u00ed telefonick\u00e9 komunikace na nezbytn\u011b nutn\u00e9 p\u0159\u00edpady. D\u011bkujeme<\/p>\n\n\n\n<p>V\u011b\u0159\u00edme, \u017ee Emmy bude velk\u00fdm p\u0159\u00ednosem pro n\u00e1s v\u0161echny a proto v\u00e1s pros\u00edme &#8211;<a href=\"https:\/\/moje.sestraemmy.cz\/\"><strong>zalo\u017ete si p\u0159\u00edstup do Emmy zde<\/strong><\/a>.<\/p>\n\n\n\n<p><strong>kolektiv Ordinace Flora<\/strong><\/p>\n\n\n\n<div style=\"height:100px\" aria-hidden=\"true\" class=\"wp-block-spacer\"><\/div>\n\n\n\n<div class=\"wp-block-columns alignwide are-vertically-aligned-center is-style-twentytwentyone-columns-overlap is-layout-flex wp-container-core-columns-is-layout-9d6595d7 wp-block-columns-is-layout-flex\">\n<div class=\"wp-block-column is-vertically-aligned-center is-layout-flow wp-block-column-is-layout-flow\">\n<div style=\"height:100px\" aria-hidden=\"true\" class=\"wp-block-spacer\"><\/div>\n<\/div>\n\n\n\n<div class=\"wp-block-column is-vertically-aligned-center is-layout-flow wp-block-column-is-layout-flow\">\n<div style=\"height:100px\" aria-hidden=\"true\" class=\"wp-block-spacer\"><\/div>\n<\/div>\n<\/div>\n\n\n\n<p><\/p>\n","protected":false},"excerpt":{"rendered":"<p>V\u00edtejte na str\u00e1nk\u00e1ch na\u0161\u00ed ordinace V\u00e1\u017een\u00ed pacienti,&nbsp; dovolujeme si upozornit, \u017ee od 1. 1. 2022 je pacient\u016fm nad 50 let zdravotn\u00edmi poji\u0161\u0165ovnami pln\u011b hrazeno o\u010dkov\u00e1n\u00ed proti kl\u00ed\u0161\u0165ov\u00e9 encephalitid\u011b. Registrace nov\u00fdch pacient\u016f Z d\u016fvodu kapacitn\u00edho p\u0159et\u00ed\u017een\u00ed na\u0161ich ordinac\u00ed jsme nuceni do odvol\u00e1n\u00ed zastavit registraci nov\u00fdch pacient\u016f. D\u011bkujeme za pochopen\u00ed. Na\u0161e ordinace p\u0159e\u0161la na nov\u00fd a modern\u00ed&hellip;&nbsp;<a href=\"https:\/\/www.ordinace-flora.cz\/\" class=\"\" rel=\"bookmark\">\u010c\u00edst d\u00e1le &raquo;<span class=\"screen-reader-text\">Ordinace Flora, s.r.o.<\/span><\/a><\/p>\n","protected":false},"author":1,"featured_media":0,"parent":0,"menu_order":0,"comment_status":"closed","ping_status":"closed","template":"","meta":{"neve_meta_sidebar":"","neve_meta_container":"","neve_meta_enable_content_width":"","neve_meta_content_width":0,"neve_meta_title_alignment":"center","neve_meta_author_avatar":"","neve_post_elements_order":"","neve_meta_disable_header":"","neve_meta_disable_footer":"","neve_meta_disable_title":"","footnotes":""},"class_list":["post-145","page","type-page","status-publish","hentry"],"yoast_head":"<!-- This site is optimized with the Yoast SEO plugin v17.8 - https:\/\/yoast.com\/wordpress\/plugins\/seo\/ -->\n<title>Ordinace Flora, s.r.o. - Ordinace Flora, s.r.o.<\/title>\n<meta name=\"robots\" content=\"index, follow, max-snippet:-1, max-image-preview:large, max-video-preview:-1\" \/>\n<link rel=\"canonical\" href=\"https:\/\/www.ordinace-flora.cz\/\" \/>\n<meta property=\"og:locale\" content=\"cs_CZ\" \/>\n<meta property=\"og:type\" content=\"article\" \/>\n<meta property=\"og:title\" content=\"Ordinace Flora, s.r.o. - Ordinace Flora, s.r.o.\" \/>\n<meta property=\"og:description\" content=\"V\u00edtejte na str\u00e1nk\u00e1ch na\u0161\u00ed ordinace V\u00e1\u017een\u00ed pacienti,&nbsp; dovolujeme si upozornit, \u017ee od 1. 1. 2022 je pacient\u016fm nad 50 let zdravotn\u00edmi poji\u0161\u0165ovnami pln\u011b hrazeno o\u010dkov\u00e1n\u00ed proti kl\u00ed\u0161\u0165ov\u00e9 encephalitid\u011b. Registrace nov\u00fdch pacient\u016f Z d\u016fvodu kapacitn\u00edho p\u0159et\u00ed\u017een\u00ed na\u0161ich ordinac\u00ed jsme nuceni do odvol\u00e1n\u00ed zastavit registraci nov\u00fdch pacient\u016f. D\u011bkujeme za pochopen\u00ed. Na\u0161e ordinace p\u0159e\u0161la na nov\u00fd a modern\u00ed&hellip;&nbsp;\u010c\u00edst d\u00e1le &raquo;Ordinace Flora, s.r.o.\" \/>\n<meta property=\"og:url\" content=\"https:\/\/www.ordinace-flora.cz\/\" \/>\n<meta property=\"og:site_name\" content=\"Ordinace Flora, s.r.o.\" \/>\n<meta property=\"article:modified_time\" content=\"2026-04-12T17:27:51+00:00\" \/>\n<meta name=\"twitter:card\" content=\"summary_large_image\" \/>\n<meta name=\"twitter:label1\" content=\"Odhadovan\u00e1 doba \u010dten\u00ed\" \/>\n\t<meta name=\"twitter:data1\" content=\"1 minuta\" \/>\n<script type=\"application\/ld+json\" class=\"yoast-schema-graph\">{\"@context\":\"https:\/\/schema.org\",\"@graph\":[{\"@type\":\"WebSite\",\"@id\":\"https:\/\/www.ordinace-flora.cz\/#website\",\"url\":\"https:\/\/www.ordinace-flora.cz\/\",\"name\":\"Ordinace Flora, s.r.o.\",\"description\":\"\",\"potentialAction\":[{\"@type\":\"SearchAction\",\"target\":{\"@type\":\"EntryPoint\",\"urlTemplate\":\"https:\/\/www.ordinace-flora.cz\/?s={search_term_string}\"},\"query-input\":\"required name=search_term_string\"}],\"inLanguage\":\"cs\"},{\"@type\":\"WebPage\",\"@id\":\"https:\/\/www.ordinace-flora.cz\/#webpage\",\"url\":\"https:\/\/www.ordinace-flora.cz\/\",\"name\":\"Ordinace Flora, s.r.o. - Ordinace Flora, s.r.o.\",\"isPartOf\":{\"@id\":\"https:\/\/www.ordinace-flora.cz\/#website\"},\"datePublished\":\"2021-12-29T19:51:13+00:00\",\"dateModified\":\"2026-04-12T17:27:51+00:00\",\"breadcrumb\":{\"@id\":\"https:\/\/www.ordinace-flora.cz\/#breadcrumb\"},\"inLanguage\":\"cs\",\"potentialAction\":[{\"@type\":\"ReadAction\",\"target\":[\"https:\/\/www.ordinace-flora.cz\/\"]}]},{\"@type\":\"BreadcrumbList\",\"@id\":\"https:\/\/www.ordinace-flora.cz\/#breadcrumb\",\"itemListElement\":[{\"@type\":\"ListItem\",\"position\":1,\"name\":\"Dom\\u016f\",\"item\":\"https:\/\/www.ordinace-flora.cz\/\"},{\"@type\":\"ListItem\",\"position\":2,\"name\":\"Ordinace Flora, s.r.o.\"}]}]}<\/script>\n<!-- \/ Yoast SEO plugin. -->","yoast_head_json":{"title":"Ordinace Flora, s.r.o. - Ordinace Flora, s.r.o.","robots":{"index":"index","follow":"follow","max-snippet":"max-snippet:-1","max-image-preview":"max-image-preview:large","max-video-preview":"max-video-preview:-1"},"canonical":"https:\/\/www.ordinace-flora.cz\/","og_locale":"cs_CZ","og_type":"article","og_title":"Ordinace Flora, s.r.o. - Ordinace Flora, s.r.o.","og_description":"V\u00edtejte na str\u00e1nk\u00e1ch na\u0161\u00ed ordinace V\u00e1\u017een\u00ed pacienti,&nbsp; dovolujeme si upozornit, \u017ee od 1. 1. 2022 je pacient\u016fm nad 50 let zdravotn\u00edmi poji\u0161\u0165ovnami pln\u011b hrazeno o\u010dkov\u00e1n\u00ed proti kl\u00ed\u0161\u0165ov\u00e9 encephalitid\u011b. Registrace nov\u00fdch pacient\u016f Z d\u016fvodu kapacitn\u00edho p\u0159et\u00ed\u017een\u00ed na\u0161ich ordinac\u00ed jsme nuceni do odvol\u00e1n\u00ed zastavit registraci nov\u00fdch pacient\u016f. D\u011bkujeme za pochopen\u00ed. Na\u0161e ordinace p\u0159e\u0161la na nov\u00fd a modern\u00ed&hellip;&nbsp;\u010c\u00edst d\u00e1le &raquo;Ordinace Flora, s.r.o.","og_url":"https:\/\/www.ordinace-flora.cz\/","og_site_name":"Ordinace Flora, s.r.o.","article_modified_time":"2026-04-12T17:27:51+00:00","twitter_card":"summary_large_image","twitter_misc":{"Odhadovan\u00e1 doba \u010dten\u00ed":"1 minuta"},"schema":{"@context":"https:\/\/schema.org","@graph":[{"@type":"WebSite","@id":"https:\/\/www.ordinace-flora.cz\/#website","url":"https:\/\/www.ordinace-flora.cz\/","name":"Ordinace Flora, s.r.o.","description":"","potentialAction":[{"@type":"SearchAction","target":{"@type":"EntryPoint","urlTemplate":"https:\/\/www.ordinace-flora.cz\/?s={search_term_string}"},"query-input":"required name=search_term_string"}],"inLanguage":"cs"},{"@type":"WebPage","@id":"https:\/\/www.ordinace-flora.cz\/#webpage","url":"https:\/\/www.ordinace-flora.cz\/","name":"Ordinace Flora, s.r.o. - Ordinace Flora, s.r.o.","isPartOf":{"@id":"https:\/\/www.ordinace-flora.cz\/#website"},"datePublished":"2021-12-29T19:51:13+00:00","dateModified":"2026-04-12T17:27:51+00:00","breadcrumb":{"@id":"https:\/\/www.ordinace-flora.cz\/#breadcrumb"},"inLanguage":"cs","potentialAction":[{"@type":"ReadAction","target":["https:\/\/www.ordinace-flora.cz\/"]}]},{"@type":"BreadcrumbList","@id":"https:\/\/www.ordinace-flora.cz\/#breadcrumb","itemListElement":[{"@type":"ListItem","position":1,"name":"Dom\u016f","item":"https:\/\/www.ordinace-flora.cz\/"},{"@type":"ListItem","position":2,"name":"Ordinace Flora, s.r.o."}]}]}},"_links":{"self":[{"href":"https:\/\/www.ordinace-flora.cz\/index.php?rest_route=\/wp\/v2\/pages\/145","targetHints":{"allow":["GET"]}}],"collection":[{"href":"https:\/\/www.ordinace-flora.cz\/index.php?rest_route=\/wp\/v2\/pages"}],"about":[{"href":"https:\/\/www.ordinace-flora.cz\/index.php?rest_route=\/wp\/v2\/types\/page"}],"author":[{"embeddable":true,"href":"https:\/\/www.ordinace-flora.cz\/index.php?rest_route=\/wp\/v2\/users\/1"}],"replies":[{"embeddable":true,"href":"https:\/\/www.ordinace-flora.cz\/index.php?rest_route=%2Fwp%2Fv2%2Fcomments&post=145"}],"version-history":[{"count":121,"href":"https:\/\/www.ordinace-flora.cz\/index.php?rest_route=\/wp\/v2\/pages\/145\/revisions"}],"predecessor-version":[{"id":774,"href":"https:\/\/www.ordinace-flora.cz\/index.php?rest_route=\/wp\/v2\/pages\/145\/revisions\/774"}],"wp:attachment":[{"href":"https:\/\/www.ordinace-flora.cz\/index.php?rest_route=%2Fwp%2Fv2%2Fmedia&parent=145"}],"curies":[{"name":"wp","href":"https:\/\/api.w.org\/{rel}","templated":true}]}}

<h2 class="wp-block-heading" id="vitejte-na-strankach-nasi-ordinace">Vítejte na stránkách naší ordinace</h2>



<p id="vitejte-na-strankach-nasi-ordinace">Vážení pacienti,&nbsp;</p>



<p>dovolujeme si upozornit, že od 1. 1. 2022 je pacientům nad 50 let zdravotními pojišťovnami plně hrazeno <strong>očkování proti klíšťové encephalitidě</strong>.</p>



<h3 class="wp-block-heading" id="registrace-novych-pacientu">Registrace nových pacientů</h3>



<p>Z důvodu kapacitního přetížení našich ordinací jsme nuceni do odvolání <strong>zastavit registraci nových pacientů</strong>. Děkujeme za pochopení.</p>



<p>Naše ordinace přešla na nový a moderní systém pohodlné a zabezpečené komunikace s pacienty &#8211; <strong>virtuální sestru Emmy <a href="http://www.sestraemmy.cz/">www.sestraemmy.cz</a></strong>. Emmy <a href="https://www.youtube.com/watch?v=XGNrPM_icPM">nahrazuje email a do velké míry i telefon.</a> Přes Emmy se můžete objednat, sdělit nám své zdravotní obtíže, požádat o vystavení elektronického receptu, zdravotních pomůcek, objednat se na očkování, antigenní test, nahlásit kontakt s Covid+ pacientem apod. Především vám však Emmy usnadní přístup k péči i objednání a zároveň šetří vzácný čas zdravotnickému personálu. Dovolujeme si vás upozornit, že budeme přednostně reagovat na požadavky zadané přes Emmy a na e-maily budeme reagovat až se zpožděním. Zároveň vás prosíme o omezení telefonické komunikace na nezbytně nutné případy. Děkujeme</p>



<p>Věříme, že Emmy bude velkým přínosem pro nás všechny a proto vás prosíme &#8211;<a href="https://moje.sestraemmy.cz/"><strong>založte si přístup do Emmy zde</strong></a>.</p>



<p><strong>kolektiv Ordinace Flora</strong></p>



<div style="height:100px" aria-hidden="true" class="wp-block-spacer"></div>



<div class="wp-block-columns alignwide are-vertically-aligned-center is-style-twentytwentyone-columns-overlap is-layout-flex wp-container-core-columns-is-layout-9d6595d7 wp-block-columns-is-layout-flex">
<div class="wp-block-column is-vertically-aligned-center is-layout-flow wp-block-column-is-layout-flow">
<div style="height:100px" aria-hidden="true" class="wp-block-spacer"></div>
</div>



<div class="wp-block-column is-vertically-aligned-center is-layout-flow wp-block-column-is-layout-flow">
<div style="height:100px" aria-hidden="true" class="wp-block-spacer"></div>
</div>
</div>



<p></p>

<p>Vítejte na stránkách naší ordinace Vážení pacienti,&nbsp; dovolujeme si upozornit, že od 1. 1. 2022 je pacientům nad 50 let zdravotními pojišťovnami plně hrazeno očkování proti klíšťové encephalitidě. Registrace nových pacientů Z důvodu kapacitního přetížení našich ordinací jsme nuceni do odvolání zastavit registraci nových pacientů. Děkujeme za pochopení. Naše ordinace přešla na nový a moderní&hellip;&nbsp;<a href="https://www.ordinace-flora.cz/" class="" rel="bookmark">Číst dále &raquo;<span class="screen-reader-text">Ordinace Flora, s.r.o.</span></a></p>

<!-- This site is optimized with the Yoast SEO plugin v17.8 - https://yoast.com/wordpress/plugins/seo/ -->
<title>Ordinace Flora, s.r.o. - Ordinace Flora, s.r.o.</title>
<meta name="robots" content="index, follow, max-snippet:-1, max-image-preview:large, max-video-preview:-1" />
<link rel="canonical" href="https://www.ordinace-flora.cz/" />
<meta property="og:locale" content="cs_CZ" />
<meta property="og:type" content="article" />
<meta property="og:title" content="Ordinace Flora, s.r.o. - Ordinace Flora, s.r.o." />
<meta property="og:description" content="Vítejte na stránkách naší ordinace Vážení pacienti,&nbsp; dovolujeme si upozornit, že od 1. 1. 2022 je pacientům nad 50 let zdravotními pojišťovnami plně hrazeno očkování proti klíšťové encephalitidě. Registrace nových pacientů Z důvodu kapacitního přetížení našich ordinací jsme nuceni do odvolání zastavit registraci nových pacientů. Děkujeme za pochopení. Naše ordinace přešla na nový a moderní&hellip;&nbsp;Číst dále &raquo;Ordinace Flora, s.r.o." />
<meta property="og:url" content="https://www.ordinace-flora.cz/" />
<meta property="og:site_name" content="Ordinace Flora, s.r.o." />
<meta property="article:modified_time" content="2026-04-12T17:27:51+00:00" />
<meta name="twitter:card" content="summary_large_image" />
<meta name="twitter:label1" content="Odhadovaná doba čtení" />
	<meta name="twitter:data1" content="1 minuta" />
<script type="application/ld+json" class="yoast-schema-graph">{"@context":"https://schema.org","@graph":[{"@type":"WebSite","@id":"https://www.ordinace-flora.cz/#website","url":"https://www.ordinace-flora.cz/","name":"Ordinace Flora, s.r.o.","description":"","potentialAction":[{"@type":"SearchAction","target":{"@type":"EntryPoint","urlTemplate":"https://www.ordinace-flora.cz/?s={search_term_string}"},"query-input":"required name=search_term_string"}],"inLanguage":"cs"},{"@type":"WebPage","@id":"https://www.ordinace-flora.cz/#webpage","url":"https://www.ordinace-flora.cz/","name":"Ordinace Flora, s.r.o. - Ordinace Flora, s.r.o.","isPartOf":{"@id":"https://www.ordinace-flora.cz/#website"},"datePublished":"2021-12-29T19:51:13+00:00","dateModified":"2026-04-12T17:27:51+00:00","breadcrumb":{"@id":"https://www.ordinace-flora.cz/#breadcrumb"},"inLanguage":"cs","potentialAction":[{"@type":"ReadAction","target":["https://www.ordinace-flora.cz/"]}]},{"@type":"BreadcrumbList","@id":"https://www.ordinace-flora.cz/#breadcrumb","itemListElement":[{"@type":"ListItem","position":1,"name":"Dom\u016f","item":"https://www.ordinace-flora.cz/"},{"@type":"ListItem","position":2,"name":"Ordinace Flora, s.r.o."}]}]}</script>
<!-- / Yoast SEO plugin. -->

Vítejte na stránkách naší ordinace Vážení pacienti,&nbsp; dovolujeme si upozornit, že od 1. 1. 2022 je pacientům nad 50 let zdravotními pojišťovnami plně hrazeno očkování proti klíšťové encephalitidě. Registrace nových pacientů Z důvodu kapacitního přetížení našich ordinací jsme nuceni do odvolání zastavit registraci nových pacientů. Děkujeme za pochopení. Naše ordinace přešla na nový a moderní&hellip;&nbsp;Číst dále &raquo;Ordinace Flora, s.r.o.

Domů
